rmine q(-7).
24
Let w(u) = -7*u - 21. Give w(-2).
-7
Let x(a) = -a + 39. What is x(-5)?
44
Let u(r) = -14*r**3 - r**2 - 2*r - 1. Calculate u(-1).
14
Let a(p) = -p + 7. Give a(15).
-8
Let v(w) = -w**2 + 13*w + 2. What is v(12)?
14
Let r(f) = -f - 9. Give r(-4).
-5
Let z(p) = -4*p + 8. Calculate z(5).
-12
Let y(k) = -3*k**2 - 15*k - 5. Calculate y(-5).
-5
Let k(r) = r + 9. Calculate k(-9).
0
Let l(h) = -h**3 - 20*h**2 - 17*h + 44. Calculate l(-19).
6
Let c(x) = -x**3 - 27*x**2 - 4. Give c(-27).
-4
Let k(q) = q**3 + 7*q**2 + 2*q - 14. What is k(-6)?
10
Let v(s) = s**3 - 7*s**2 - 5*s + 18. What is v(7)?
-17
Let s(y) = -y**3 + 5*y**2 - 3*y. Give s(2).
6
Let w(i) = i**3 + 21*i**2 + 53*i - 9. Give w(-18).
9
Let f(l) = 13*l - 318. Calculate f(25).
7
Let o(w) = w**3 - 17*w**2 + 18*w - 36. Give o(16).
-4
Let n(q) = -14*q + 213. What is n(15)?
3
Let d(w) = -w**2 + 12*w + 24. Give d(7).
59
Let r(f) = 3*f**2 - 4*f + 3. Give r(2).
7
Let j(a) = 3*a**2 - 14*a + 11. Give j(5).
16
Let b(l) = -3*l**2 + l + 4. Calculate b(2).
-6
Let j(p) = p**3 + p**2 - 2*p - 4. Determine j(-3).
-16
Let q(p) = p**2 + 3*p - 28. Determine q(5).
12
Let v(t) = -t**2 - 4*t + 1. Give v(3).
-20
Let p(h) = -2*h**3 - 10*h**2 - 3*h - 12. Calculate p(-5).
3
Let k(b) = -b**3 + 6*b**2 - 3*b - 6. Give k(5).
4
Let m(v) = -v**3 + 4*v**2 - 5*v + 12. Calculate m(4).
-8
Let l(o) = -o**3 - o**2 + 3*o + 19. Give l(0).
19
Let f(w) = -w**2 - 7*w + 8. What is f(-8)?
0
Let z(l) = -l**2 + 4*l + 280. What is z(19)?
-5
Let k(n) = n**3 - 26*n**2 - 2*n + 28. Calculate k(26).
-24
Let o(k) = 2*k - 27. What is o(9)?
-9
Let h(g) = -g**3 - 7*g**2 + 9*g + 34. Calculate h(-8).
26
Let k(r) = -83*r + 410. What is k(5)?
-5
Let a(b) = 8*b**3 - 4*b**2 - 3*b + 6. Give a(1).
7
Let b(n) = 2*n + 48. What is b(-26)?
-4
Let g(b) = -b**3 - 6*b**2 - 3*b. What is g(-6)?
18
Let w(p) = -18*p + 16. Give w(1).
-2
Let u(h) = -14*h**2. Determine u(1).
-14
Let y(j) = j**3 + 8*j**2 + 12*j - 2. Give y(-6).
-2
Let k(i) = -4*i**2 - i - 3. Give k(-3).
-36
Let b(q) = -q**2 + 26*q - 86. Calculate b(4).
2
Let t(j) = j**2 + 5*j + 3. Give t(-6).
9
Let g(y) = y**3 - 6*y**2 - 5*y - 8. Give g(6).
-38
Let s(y) = -y**3 - 12*y**2 + y - 7. Give s(-12).
-19
Let x(j) = j**2 - 20*j + 76. Determine x(14).
-8
Let q(g) = -g**3 + 18*g**2 + 64*g - 14. Give q(21).
7
Let u(t) = -11*t**3 + t**2 - 1. Determine u(1).
-11
Let o(q) = q**3 + q**2 + 12*q - 7. What is o(0)?
-7
Let n(b) = -b**3 + 3*b**2 + 17*b - 12. Determine n(6).
-18
Let r(m) = -m**3 - 7*m**2 - 8*m - 18. Determine r(-6).
-6
Let w(k) = -5*k + 1. What is w(1)?
-4
Let k(r) = -17*r + 5. What is k(3)?
-46
Let r(h) = -h**2 + 4*h + 51. Give r(-5).
6
Let n(q) = q**2 + 3*q - 3. Determine n(-4).
1
Let o(f) = -6*f - 92. What is o(-19)?
22
Let y(l) = l - 10. Give y(-5).
-15
Let f(k) = 26*k + 95. Give f(-4).
-9
Let j(x) = -5*x**2 - 9*x - 6. Calculate j(-3).
-24
Let d(f) = 5*f + 9. Give d(3).
24
Let s(h) = 2*h**2 + 3*h + 2. What is s(-3)?
11
Let r(x) = 34*x**2 - 7*x + 11. What is r(2)?
133
Let t(z) = 3*z + 44. What is t(-3)?
35
Let i(f) = -102*f + 301. Determine i(3).
-5
Let o(t) = -2*t - 5. Determine o(-5).
5
Let s(n) = 2*n**2 + 9*n - 5. Give s(3).
40
Let g(n) = -9*n**2 + 5*n + 9. Calculate g(-3).
-87
Let s(t) = 12*t - 7. What is s(-5)?
-67
Let y(j) = j**2 - 2*j - 11. Determine y(-4).
13
Let q(x) = -x**2 + 9*x + 16. Determine q(-3).
-20
Let z(t) = -t + 6. Give z(10).
-4
Let c(a) = 20*a**2 - 2*a - 2. Calculate c(-1).
20
Let k(z) = -z**2 + 4*z + 6. Calculate k(-3).
-15
Let o(x) = -x**2 + 18*x + 5. Give o(19).
-14
Let p(m) = m**3 + 10*m**2 + 13*m - 4. What is p(-9)?
-40
Let j(i) = -i**3 - 10*i**2 - 22*i - 11. Determine j(-6).
-23
Let d(o) = o**3 + 3*o**2 - 12*o - 9. Determine d(-5).
1
Let w(l) = -7*l + 85. What is w(11)?
8
Let w(i) = i**3 - 10*i**2 + 12*i + 29. What is w(8)?
-3
Let l(b) = b**2 - 18*b + 52. Calculate l(13).
-13
Let j(t) = -t - 41. What is j(0)?
-41
Let l(g) = -2*g. Determine l(-3).
6
Let r(m) = m**2 - 3*m - 6. Determine r(-3).
12
Let n(g) = 2*g + 2. Determine n(6).
14
Let f(g) = g**3 + 3*g**2 - g + 2. What is f(-3)?
5
Let i(s) = s**3 - 6*s**2 - 4*s + 7. Determine i(5).
-38
Let c(p) = -p + 7. Calculate c(0).
7
Let t(h) = h**2 - 11*h + 41. What is t(6)?
11
Let w(o) = o**2 - 9*o - 2. Give w(9).
-2
Let w(k) = k**2 + 22*k - 63. Give w(-24).
-15
Let z(u) = u**2 - 2*u + 6. Calculate z(8).
54
Let h(x) = -3*x**2 - 6*x + 27. Calculate h(3).
-18
Let w(s) = 3*s**2 - 40*s - 10. What is w(14)?
18
Let s(k) = 2*k**2 + 29*k - 12. Determine s(-15).
3
Let a(j) = -17*j - 26. Determine a(-8).
110
Let f(c) = c**2 - 7*c + 9. What is f(6)?
3
Let f(g) = 2*g**2 + 7*g - 64. Give f(-7).
-15
Let p(w) = 15*w + 22. Calculate p(-3).
-23
Let l(j) = 4*j + 6. Determine l(11).
50
Let p(d) = d**2 - 5*d - 50. Determine p(8).
-26
Let j(t) = -6*t - 8. Determine j(5).
-38
Let a(y) = 27*y - 499. Give a(19).
14
Let v(k) = -2*k - 4. Calculate v(-2).
0
Let n(f) = 6*f + 7. What is n(20)?
127
Let w(p) = p**2 + 3*p + 13. What is w(-6)?
31
Let h(y) = -40*y - 80. Determine h(-3).
40
Let y(t) = 5*t**2 - t - 2. Give y(2).
16
Let t(z) = z**2 - 2*z - 13. What is t(0)?
-13
Let i(k) = -6*k + 3. What is i(2)?
-9
Let x(n) = -6*n + 6. Calculate x(-6).
42
Let n(m) = -6*m + 8. Determine n(3).
-10
Let s(r) = -r**3 - r**2 + r + 2. Calculate s(-1).
1
Let t(u) = -19*u**2 - 2*u. Calculate t(2).
-80
Let i(x) = -2*x**3 - 3*x**2 + 3*x - 8. Calculate i(2).
-30
Let k(j) = 6*j - 58. Calculate k(6).
-22
Let a(m) = m**3 + 36*m**2 + 37*m + 62. Determine a(-35).
-8
Let c(x) = -x**3 + 3*x**2 - 3*x + 2. Determine c(3).
-7
Let d(j) = j**2 + 16*j - 4. Calculate d(-16).
-4
Let d(k) = 4*k - 3. Give d(1).
1
Let x(o) = -o**2 + 14*o - 20. Determine x(3).
13
Let s(o) = 2*o + 11. What is s(-5)?
1
Let g(z) = -17*z**3 + 2*z**2 + 4*z + 2. Give g(-1).
17
Let t(z) = -8*z**3 - z - 4. Give t(-2).
62
Let d(w) = -w**3 + 5*w**2 + 5*w + 2. Determine d(5).
27
Let a(i) = -2*i**2 - 4*i + 4. Determine a(-2).
4
Let l(p) = -p**3 + 6*p**2 - 11*p + 5. Give l(4).
-7
Let y(w) = -18*w**3 - 2*w**2 - 8*w - 7. Calculate y(-1).
17
Let i(y) = y**3 - 13*y**2 - 12*y - 13. Calculate i(14).
15
Let p(d) = d**3 - 11*d**2 + 9*d + 6. Calculate p(11).
105
Let b(m) = -m - 12. Calculate b(0).
-12
Let k(h) = 8*h + 7. Give k(-9).
-65
Let b(v) = -v**3 + 8*v**2 - 4*v. Give b(8).
-32
Let r(b) = -4*b**2 - 12*b. Calculate r(-3).
0
Let y(g) = g**3 - 19*g**2 - 3*g + 62. What is y(19)?
5
Let m(v) = v**2 - 10*v - 31. Give m(13).
8
Let f(k) = -k**3 + 4*k**2 - 4. Determine f(3).
5
Let a(j) = j - 21. What is a(9)?
-12
Let o(k) = 3*k + 91. What is o(-16)?
43
Let i(p) = 2*p**2 + 33*p + 63. What is i(-12)?
-45
Let l(s) = s**2 - 4*s - 31. Calculate l(7).
-10
Let i(b) = 26*b**3 + 3*b**2 + 2*b + 1. What is i(-1)?
-24
Let m(x) = 5*x**3 + 10*x - 5. What is m(3)?
160
Let u(q) = q**2 + 12*q + 22. Determine u(-10).
2
Let d(x) = -7*x - 134. Determine d(-19).
-1
Let k(l) = 30*l. Give k(1).
30
Let y(k) = -k - 2. Calculate y(-7).
5
Let w(g) = g**3 + 44. Calculate w(0).
44
Let y(n) = 3*n + 3. What is y(3)?
12
Let q(a) = -a**2 + 10*a + 8. What is q(13)?
-31
Let d(r) = 6*r + 4. What is d(1)?
10
Let u(g) = -g**3 - 4*g**2 + g + 7. What is u(-4)?
3
Let g(d) = -18*d - 507. Give g(-28).
-3
Let y(g) = g**3 + 6*g**2 + 3. Determine y(-6).
3
Let d(m) = -m**3 + 4*m**2 + 4*m + 3. Determine d(4).
19
Let m(g) = -g**2 - 4*g + 13. Calculate m(3).
-8
Let t(c) = c + 3. What is t(3)?
6
Let z(g) = -g**2 - 5*g - 5. Determine z(-5).
-5
Let r(c) = -7*c**2 + 22*c - 22. Give r(1).
-7
Let j(s) = 2*s + 11. Calculate j(-14).
-17
Let k(w) = -8*w**2 - 201*w - 20. What is k(-25)?
5
Let n(t) = t**2 + 27*t - 126. Give n(4).
-2
Let d(w) = 2*w - 17. Calculate d(3).
-11
Let z(j) = -j**2 + 2*j + 2. Give z(7).
-33
Let v(m) = m**3 + 6*m**2 - 12*m - 8. Give v(-8).
-40
Let b(y) = -y**3 - 6*y**2 - 3*y - 1. Give b(-3).
-19
Let n(c) = 2*c**2 + c - 25. Calculate n(-5).
20
Let j(a) = -3*a**2 - 10*a - 4. Calculate j(-2).
4
Let z(p) = -3*p - 19. Calculate z(-4).
-7
Let z(d) = d**3 + 29*d**2 - 30*d + 12. Calculate z(-30).
12
Let a(p) = -p**2 + 2*p + 77. Determine a(-8).
-3
Let m(z) = -13*z**3 + 3*z**2 - 2. Calculate m(-1).
14
Let c(y) = 97*y + 102. Give c(-1).
5
Let i(c) = c**2 - 7*c + 5. Calculate i(8).
13
Let r(i) = i**3 - 7*i**2 - 77*i - 20. Calculate r(13).
-7
Let b(f) = 10*f + 186. Calculate b(